 - 1 - 1). Let z = -14 - m. Let q = 12 - z. Calculate the highest common factor of q and 4.
4
Let a(k) = -5*k**3 - 1 + 4*k**3 + 7*k - 13*k**2 + 8*k**2. Let q be a(-5). Let i be 2/(-8) + q/(-16). What is the greatest common factor of 5 and i?
1
Let i(h) = h + 1. Let m be i(-1). Let q(t) = t**2 + 5. Let l be q(m). Suppose 0*g - l*g + 250 = 0. Calculate the greatest common factor of g and 20.
10
Let d(j) be the first derivative of j**4/4 - j**3/3 - 2*j**2 + j - 2. Let w be d(3). Calculate the greatest common divisor of 21 and w.
7
Let i(w) be the first derivative of -w**3/3 - 4*w**2 + 12*w + 3. Let c be i(-9). Suppose 2*b - c = 19. Calculate the highest common factor of 88 and b.
11
Let k be -1*1/6 - (-453)/18. Calculate the highest common factor of k and 1.
1
Suppose -3*h + 3*o + 42 = -2*h, 61 = 3*h + 4*o. Let p = 219 - 30. Calculate the highest common factor of h and p.
27
Let d be 40 + -2 + 1*-2. Suppose -20*w - 29 = -21*w - 5*y, 4*w + 5*y = 56. Calculate the greatest common factor of w and d.
9
Suppose 4*m - 56 + 12 = -2*i, 0 = -5*i - 2*m + 110. Calculate the highest common factor of i and 55.
11
Let i be (-11)/66 + 1972/24 - 1. What is the highest common divisor of i and 1053?
81
Let f = -17 + 18. Let a be f/(215/(-110) + 2). Let o = 47 - 3. What is the greatest common divisor of o and a?
22
Let t(w) = -3 - w**2 - 14*w + 10*w + 2*w**2 + 18. Let v be t(3). What is the highest common factor of v and 3?
3
Let k(i) = 10*i - 312. Let n be k(33). Let l be (-4)/(-14) + 310/(-7). Let y be l/3*81/(-6). Calculate the greatest common divisor of n and y.
18
Let s = 2288 - 925. Let t = -875 + s. Suppose 0 = 2*l + c - 5*c - t, 0 = -5*l - c + 1209. Calculate the greatest common divisor of l and 22.
22
Suppose -2*b - z + 4*z = 25, 0 = 3*b - 4*z + 38. Let n be (12/10)/((-12)/30) - b. Calculate the highest common divisor of 11 and n.
11
Let s = -38 + 74. Let m = 70 + -66. Calculate the greatest common factor of m and s.
4
Suppose 5*b - 2*t = 152, 91 = 3*b - t - 0*t. Let z(r) = -5*r - 20. Let m be z(-6). Let f be (b/25)/(3/m). Calculate the highest common factor of 16 and f.
4
Let o = 22 - 14. Let x be (-19 - (-2 + 2)) + 3. Let g = x - -48. What is the greatest common divisor of g and o?
8
Let f(s) = s + 80. Let k be f(-56). What is the greatest common divisor of k and 8?
8
Let n be (-60)/8*6*1*-1. Suppose -n + 15 = -v. Calculate the highest common factor of 10 and v.
10
Suppose -14 = 5*y - 19*y. Let h = -2 - -5. Calculate the greatest common factor of h and y.
1
Let k be 2*1/(-2) + 2. Suppose -l - 2 = 4*n, 5*n + 31 = l - 3. What is the highest common factor of k and l?
1
Suppose 9 = -2*t + 5*l, -15 = -5*t + 3*l + 10. Calculate the greatest common divisor of 344 and t.
8
Let q = 316 + -271. Calculate the highest common factor of 405 and q.
45
Let q be 1458/36 + (-2)/4. Calculate the greatest common divisor of q and 160.
40
Let a = 218 + -212. Calculate the greatest common factor of 75 and a.
3
Suppose 372 = 7*o - o. Let s = 93 - o. Calculate the greatest common factor of 31 and s.
31
Let i(s) = -29 + 9 + 13 + 0*s - 2*s. Let k be i(-12). What is the greatest common factor of k and 272?
17
Let c = -371 + 401. What is the greatest common divisor of 930 and c?
30
Let x(g) = -43*g - 203. Let i be x(-5). What is the highest common divisor of 57 and i?
3
Let s(a) = -2*a**2 + 11*a - 7. Let p be s(5). Let d(x) = 8*x**2 - x - 4. Let t be d(p). Calculate the highest common divisor of t and 6.
6
Suppose -30*h + 13832 = 46*h. What is the highest common factor of 676 and h?
26
Let z be -38*7/(2 + -9). Calculate the highest common divisor of 171 and z.
19
Let l(m) = 4*m - 11. Let q be l(10). Let b = q - 25. Calculate the highest common factor of 4 and b.
4
Let p(v) = v**3 - 5*v**2 + 7*v - 8. Let b be p(4). Suppose -b*z + 17 = 4*n - z, 3*n + 4*z = 11. Calculate the greatest common divisor of n and 1.
1
Suppose 3*f = -2*f + 770. Let c = 12 - -10. What is the greatest common divisor of f and c?
22
Suppose 0 = -y - 3*a - 1, 2*a = 3*y + a + 13. Let b(n) = n + 16. Let l be b(y). Let o be ((-32)/12)/(1/(-3)). Calculate the highest common factor of l and o.
4
Let o = 237 + -234. Calculate the highest common divisor of 24 and o.
3
Suppose r + 3*r = -4, -2*r - 22 = -4*d. Suppose 8 = k + k. Let p(w) = 3*w - 2. Let z be p(k). Calculate the highest common factor of d and z.
5
Suppose -4*j + 1 + 3 = 0. Let x be 6072/748 - 4/34. Calculate the highest common divisor of x and j.
1
Let b(j) = j**2 + 13*j + 5. Let u be b(-13). Suppose -4*l = 2*r - 120, 0 = u*r + 2*l - 0*l - 340. What is the greatest common factor of 10 and r?
10
Let p = -17338 - -17341. Let u be (-1 - -1) + 34 - 1. Calculate the greatest common divisor of p and u.
3
Let w(x) = 3*x - 44. Let g(y) = -7*y + 88. Let q(o) = 6*g(o) + 13*w(o). Let m be q(-18). What is the highest common divisor of 10 and m?
10
Suppose -4*b - 2 = -18. Suppose 5*c = 2*d + 13, 5*c + 22 = -4*d - 19. Let u = 10 + d. What is the greatest common divisor of b and u?
1
Let q(d) = d**3 - 10*d**2 + 13*d. Let r be q(10). Suppose s - 2*s + x = -31, 3*x = -s + 11. Calculate the greatest common divisor of r and s.
26
Let g(k) = 42*k**2 + 16*k + 48. Let o be g(-3). Calculate the highest common divisor of 108 and o.
54
Suppose 2*l = -3*l. Suppose l = -p + 4*p - 15. Let s = 65 - 45. Calculate the greatest common factor of p and s.
5
Let r(c) = -c**3 - 10*c**2 - 5*c - 5. Let g be r(-10). What is the greatest common factor of 15 and g?
15
Let p be (-4)/(-6) + 924/(-9). Let v = -54 - p. Suppose 5*h - h = v. What is the greatest common factor of h and 84?
12
Let j = -183 + 300. What is the highest common divisor of j and 104?
13
Let v(g) be the second derivative of g**3/6 - 4*g**2 - 2*g. Let i be v(8). Let a be -3 - (i - 10/2). Calculate the highest common factor of 14 and a.
2
Let i(k) = k**2 + 8*k + 17. Let c be i(-10). Let s = c - 30. Calculate the highest common factor of 21 and s.
7
Suppose -2*j + 8*m = 13*m - 113, -5*m + 5 = 0. Calculate the greatest common factor of j and 126.
18
Let i(l) = -l**3 - 2*l**2 + 6*l + 5. Let x be i(-4). Let a = -106 - -64. Let y = a + 68. Calculate the highest common factor of y and x.
13
Suppose 4 = -4*b, -x + 5 = -8*b + 3*b. Let s = -14 - -41. Suppose x*v - 3*v + s = 0. What is the greatest common divisor of 36 and v?
9
Suppose 0 = -3*o - 0*o + 90. Let u be (-17)/(68/(-3))*32. What is the greatest common divisor of u and o?
6
Let n(j) = -26*j**3 + j. Let p be n(-1). Calculate the greatest common factor of 75 and p.
25
Let c be (-2 + 4 + 28)*(-84)/(-126). Suppose 3*j - 87 = -4*r + 70, -2*r + 2*j + 82 = 0. What is the greatest common divisor of r and c?
20
Let g = 15 + -11. Let o = -339 + 343. What is the greatest common factor of o and g?
4
Let i(f) = -7*f**3 + 3*f**2 + 5*f + 19. Let j be i(-4). Calculate the highest common factor of 99 and j.
99
Let q = 64 + -16. What is the greatest common divisor of q and 132?
12
Let o = 108 + -54. Let i(c) = -c**3 + 7*c**2 + 8*c + 18. Let x be i(8). Calculate the greatest common divisor of x and o.
18
Let h be 151 + 1/(-1)*1. Calculate the greatest common factor of 30 and h.
30
Suppose -11*p + 8 = -9*p, -4*p = j - 41. What is the greatest common divisor of j and 225?
25
Suppose -2*u = -0*u - 38. Let h be (-19)/(6/12 - (-21)/(-30)). Calculate the greatest common factor of u and h.
19
Suppose -4*k + 8 = 0, 3*f - 5*k + 4 = 78. Suppose 4*h + 32 - 88 = 0. What is the highest common factor of h and f?
14
Suppose 2*v + 0*v + 3*j + 219 = 0, 0 = 2*v - 5*j + 243. Let f = v + 169. What is the highest common factor of 22 and f?
11
Suppose 0 = -2*r - 5*q + 260, r - 4*q - 108 = -q. Calculate the highest common factor of 45 and r.
15
Let r = -179 + 299. Suppose -9*z = -4*z - r. Calculate the highest common factor of z and 36.
12
Suppose 946 = -2*k - 536. Let i = k + 1246. Suppose -44 = -2*j + 4*x + 152, 5*x = -5*j + i. What is the greatest common factor of 25 and j?
25
Let q be 39*16/36*(-18)/(-8). Calculate the greatest common divisor of q and 221.
13
Let d be 0/((-8)/(32/(-12))). Suppose 6 = -d*r + r. Calculate the highest common factor of 4 and r.
2
Suppose 3*m = 273 + 186. Let f = -2 + 2. Suppose -3*p - 2*y = -0*y - 88, f = -5*p + 3*y + m. What is the greatest common factor of 6 and p?
6
Suppose 0*l - 3*